est common factor of 910 and 80.
10
What is the greatest common divisor of 187 and 26741?
187
Calculate the highest common factor of 205 and 369.
41
Calculate the highest common divisor of 276 and 6.
6
Calculate the highest common divisor of 456 and 133.
19
What is the greatest common factor of 29 and 3103?
29
Calculate the greatest common divisor of 3405 and 135.
15
What is the highest common factor of 52 and 2132?
52
Calculate the greatest common factor of 50 and 70.
10
Calculate the greatest common factor of 388 and 8.
4
Calculate the highest common divisor of 225 and 540.
45
What is the highest common factor of 7284 and 24?
12
Calculate the highest common divisor of 54 and 144.
18
What is the greatest common factor of 42 and 98?
14
What is the highest common factor of 18 and 1449?
9
Calculate the highest common divisor of 46 and 1863.
23
Calculate the highest common factor of 2318 and 304.
38
Calculate the greatest common factor of 240 and 15.
15
Calculate the highest common divisor of 12 and 5.
1
What is the highest common factor of 66 and 891?
33
What is the greatest common factor of 20 and 545?
5
What is the highest common factor of 690 and 18?
6
What is the highest common factor of 121 and 33?
11
What is the greatest common divisor of 88 and 22?
22
Calculate the highest common divisor of 40 and 128.
8
Calculate the highest common divisor of 25168 and 143.
143
What is the highest common factor of 336 and 1536?
48
What is the highest common divisor of 46 and 828?
46
What is the greatest common factor of 84 and 224?
28
What is the highest common divisor of 225 and 6?
3
Calculate the greatest common divisor of 142 and 6887.
71
What is the greatest common divisor of 377 and 13?
13
Calculate the greatest common divisor of 67 and 1809.
67
Calculate the greatest common factor of 50 and 90.
10
What is the highest common divisor of 1305 and 900?
45
Calculate the highest common divisor of 336 and 192.
48
Calculate the highest common factor of 108 and 12.
12
Calculate the greatest common factor of 1131 and 58.
29
What is the highest common factor of 117 and 61191?
117
What is the greatest common divisor of 24 and 2868?
12
What is the greatest common divisor of 15 and 9?
3
Calculate the greatest common divisor of 2580 and 1677.
129
Calculate the highest common factor of 14 and 56.
14
What is the greatest common factor of 1098 and 72?
18
Calculate the highest common divisor of 72 and 7956.
36
Calculate the greatest common divisor of 112 and 329.
7
Calculate the greatest common divisor of 9170 and 524.
262
Calculate the greatest common factor of 6 and 174.
6
What is the greatest common factor of 35 and 6685?
35
Calculate the greatest common divisor of 280 and 632.
8
Calculate the greatest common factor of 32 and 146.
2
What is the greatest common divisor of 2178 and 99?
99
Calculate the greatest common divisor of 6 and 48.
6
Calculate the highest common factor of 245 and 1190.
35
Calculate the highest common factor of 3178 and 14.
14
What is the highest common factor of 92 and 23?
23
What is the greatest common divisor of 60 and 36?
12
Calculate the highest common factor of 68 and 17.
17
What is the greatest common factor of 2014 and 318?
106
What is the greatest common divisor of 165 and 275?
55
What is the highest common divisor of 192 and 24?
24
What is the highest common factor of 13 and 144469?
13
Calculate the greatest common divisor of 3504 and 48.
48
What is the greatest common factor of 574 and 7708?
82
Calculate the greatest common divisor of 204 and 132.
12
What is the greatest common factor of 18 and 558?
18
Calculate the greatest common factor of 13 and 4966.
13
Calculate the highest common factor of 935 and 55.
55
Calculate the greatest common divisor of 680 and 540.
20
Calculate the greatest common divisor of 99 and 198.
99
What is the highest common divisor of 525 and 75?
75
What is the greatest common factor of 1184 and 925?
37
What is the greatest common divisor of 464 and 96?
16
What is the greatest common factor of 115 and 437?
23
What is the greatest common factor of 176 and 22?
22
Calculate the highest common factor of 455 and 1495.
65
Calculate the highest common factor of 2 and 1049.
1
What is the greatest common divisor of 140 and 770?
70
Calculate the greatest common factor of 10 and 15.
5
What is the greatest common factor of 4635 and 412?
103
Calculate the greatest common factor of 904 and 12317.
113
Calculate the highest common factor of 16942 and 344.
86
What is the greatest common factor of 159 and 4876?
53
What is the highest common factor of 8215 and 155?
155
Calculate the highest common divisor of 650 and 2080.
130
What is the greatest common factor of 828 and 184?
92
What is the highest common factor of 3 and 213?
3
Calculate the greatest common factor of 550 and 440.
110
What is the greatest common factor of 7712 and 32?
32
What is the greatest common divisor of 741 and 156?
39
Calculate the highest common factor of 70 and 98.
14
Calculate the highest common factor of 817 and 152.
19
What is the greatest common factor of 522 and 18?
18
What is the highest common divisor of 24 and 4824?
24
What is the greatest common factor of 1770 and 45?
15
Calculate the greatest common divisor of 754 and 130.
26
Calculate the highest common divisor of 2044 and 56.
28
What is the highest common factor of 2734 and 2?
2
Calculate the highest common divisor of 44 and 286.
22
Calculate the greatest common factor of 1700 and 1564.
68
What is the greatest common factor of 2491 and 188?
47
What is the highest common divisor of 198 and 72?
18
What is the greatest common factor of 1476 and 180?
36
Calculate the greatest common factor of 49 and 392.
49
Calculate the greatest common divisor of 47625 and 127.
127
What is the greatest common factor of 27 and 135?
27
Calculate the highest common factor of 161 and 253.
23
What is the highest common factor of 4 and 4144?
4
Calculate the greatest common divisor of 3 and 32.
1
What is the highest common divisor of 16 and 8?
8
What is the greatest common factor of 23 and 1817?
23
Calculate the highest common divisor of 368 and 240.
16
Calculate the highest common factor of 452 and 8023.
113
What is the highest common factor of 270 and 120?
30
What is the greatest common factor of 50 and 6440?
10
What is the highest common divisor of 1440 and 972?
36
What is the highest common factor of 3587 and 17?
17
What is the highest common divisor of 168 and 1932?
84
Calculate the highest common factor of 11947 and 65.
13
What is the highest common factor of 55 and 5?
5
What is the greatest common divisor of 1152 and 8?
8
Calculate the greatest common factor of 184 and 200.
8
What is the greatest common divisor of 27 and 59805?
27
Calculate the greatest common divisor of 408 and 696.
24
What is the greatest common factor of 54 and 33993?
27
What is the highest common divisor of 19 and 703?
19
What is the greatest common factor of 81 and 108?
27
Calculate the highest common divisor of 40 and 410.
10
What is the highest common divisor of 2338 and 14?
14
What is the greatest common divisor of 296 and 111?
37
Calculate the highest common factor of 191 and 1.
1
What is the greatest common factor of 612 and 340?
68
What is the greatest common divisor of 8001 and 441?
63
Calculate the highest common factor of 44 and 55.
11
What is the highest common divisor of 180 and 96?
12
Calculate the greatest common divisor of 184 and 25576.
184
What is the greatest common factor of 76 and 209?
19
What is the greatest common divisor of 154 and 112?
14
What is the greatest common divisor of 6 and 11262?
6
Calculate the highest common factor of 79 and 41712.
79
Calculate the highest common factor of 25 and 180.
5
Calculate the greatest common factor of 416 and 884.
52
What is the greatest common factor of 16039 and 86?
43
Calculate the highest common factor of 315 and 120.
15
Calculate the highest common factor of 423 and 1551.
141
Calculate the greatest common divisor of 209 and 242.
11
What is the greatest common factor of 2068 and 11?
11
What is the greatest common divisor of 63 and 7?
7
Calculate the greatest common divisor of 7087 and 437.
19
Calculate the highest common factor of 100 and 2300.
100
What is the highest com